er when f is divided by b(-26)?
1
Let v = -9071 + 9418. What is the remainder when v is divided by 332?
15
Let h be 0 - (0 + 4) - -3. Let f be 6*(-2)/(-4) + h. Suppose 15 = 3*a - 3*q, -9 = 3*a + f*q + q. Calculate the remainder when 5 is divided by a.
0
Calculate the remainder when (-5)/(-25) - 828/(-10) is divided by 4*(8 - 4)*(-49)/112*-4.
27
Let k be ((-1)/3)/(580788/(-38718) - -15). What is the remainder when -2 + (-2)/((42/k)/(-7)) is divided by 83?
71
Let q = -1253 - -3269. Suppose q = -11*k + 35*k. Calculate the remainder when k is divided by 23.
15
Let n = 157 + -163. Let t(x) = 2*x**3 + 13*x**2 - 10*x - 9. Calculate the remainder when t(n) is divided by 46.
41
Suppose -23*i = -140 + 25. What is the remainder when 13762/84 - i/(-30) is divided by 33?
32
Let t(o) = 5*o**2 + 19*o + 34. What is the remainder when t(-12) is divided by 274?
252
Suppose -5*g + 450 = 5*q, 270*q - 5*g - 150 = 267*q. Suppose 4*a - 6 + 86 = d, -4*d + 89 = -5*a. Let i = 40 + a. What is the remainder when q is divided by i?
18
What is the remainder when 707 is divided by (-2251)/(-13) + 0 + 512/(-3328)?
15
Let g(o) = 3*o + 83. Let i be 230/55 - 4/22. Suppose 40 = 4*l - u, i*l = 3*l + 3*u + 21. What is the remainder when g(-22) is divided by l?
8
Let a(x) = 2*x + 60. Let n(c) = -7*c + 32. Let i be n(8). Suppose -7*s + 76 = -3*s. What is the remainder when s is divided by a(i)?
7
Let y be 6 - 2/(10/25). Calculate the remainder when 94 is divided by (y - 9/12)/(3/408).
26
Suppose 4*t + 35 - 43 = 0, 4*z - 10514 = -5*t. Calculate the remainder when z is divided by 11.
8
Suppose -60*h + 7627 - 2467 = 0. What is the remainder when 102 is divided by h?
16
Let v = -2 + 0. Let i be 1/(2/10) - (-9 - -3). What is the remainder when 40 is divided by v/1*i/(-2)?
7
Let z be ((-4)/(-20))/(3/45). Suppose -19*d = -21*d + 2. What is the remainder when 23 is divided by 2 - -1 - -1*(z - d)?
3
Let m(b) = 11*b**2 - 17*b - 3. Let j = 39 - 2. What is the remainder when m(-3) is divided by j?
36
Suppose 4*j = 375*t - 377*t + 176, 2*j - 82 = 2*t. What is the remainder when 71 is divided by j?
28
Suppose -28 - 6 = -5*q + 2*v, 0 = q + 3*v. What is the remainder when 63 is divided by (q - 2)*363/66?
19
Suppose k = -5*v + 51, 5*v - 2*k - 21 = 12. What is the remainder when 205 is divided by v?
7
Let v(m) = -22*m - 17. Let w(o) = -7*o - 6. Let k(d) = 6*v(d) - 17*w(d). Let l(p) = 1950*p + 5870. What is the remainder when k(-6) is divided by l(-3)?
18
Let w(r) = 6108*r**2 - 52*r + 150. Calculate the remainder when w(3) is divided by 19.
18
What is the remainder when 4207 is divided by ((-2745)/(-75))/(9/45)?
181
Let h(c) = 4*c**2 + 86*c + 198. Calculate the remainder when 95 is divided by h(-19).
7
Let a be 5/(-20)*(-24)/5*-195. Let b = 281 + a. What is the remainder when b is divided by 18?
11
Suppose 3*h = 4*h - 2*s + 7, 0 = 4*h - 3*s + 28. Calculate the remainder when (158/(-4))/(3/(-6)) is divided by -2*56/(h - -3)*1.
23
Suppose -21*b + 20*b - 252 = 0. Let j be 1048/9 + 112/b. Suppose 5*q - j = 64. Calculate the remainder when q is divided by 10.
6
Let g(r) = -r**3 + r**2 + 70*r + 122. Calculate the remainder when 993 is divided by g(-7).
9
Suppose 27*l - 1289 = -7*l - 201. Suppose 3*b + 347 = -2*o + 816, -2*o - 2 = 0. What is the remainder when b is divided by l?
29
Let b = 8393 + -8324. Calculate the remainder when 2616 is divided by b.
63
Let l(i) = 5*i - 3. Let o(r) = -42*r + 12. Let h be o(5). Let m = -193 - h. Calculate the remainder when l(4) is divided by m.
2
Let p = 76 - -15. Calculate the remainder when p is divided by 2/((12/(-18))/(1 + 0)) + (-124 - -165).
15
Let f be (0 + 36/(-14))/(7/(-98)). Suppose 0 = 6*b - 0*b - f. Let l = b - 3. Calculate the remainder when l is divided by 2.
1
Let c(l) = l**3 + 31*l**2 + 166*l + 14. Calculate the remainder when 220 is divided by c(-24).
34
Let r(s) = -2*s + 103. Let d be r(29). Suppose 26 = 2*l - 2*o, d = 3*l - 6*o + o. What is the remainder when 28 is divided by l?
8
Suppose -5 - 12 = j + 4*p, -3*p = -j + 11. Let x(k) = -11*k - 552. Let c be x(-44). Calculate the remainder when j/(c/(-69) - 1) is divided by 14.
13
Suppose 12*i - 17*i = -5*j - 70, 3*j + 6 = i. Suppose 0*p + 4*f + 510 = -5*p, 3*p = 2*f - 306. Calculate the remainder when (-2)/4*p*1 is divided by i.
15
Let m = -3 + 20. Let r = m + -5. Suppose -r*i + 10*i = -128. Calculate the remainder when i is divided by 13.
12
Let m = 1417 - 1205. What is the remainder when 805 is divided by m?
169
Let v be ((-750)/9)/(16/(-24)). Suppose 3*i - 271 = v. Calculate the remainder when i is divided by 45.
42
Let z(q) = -2*q**2 - 134*q - 1909. Calculate the remainder when z(-32) is divided by 21.
16
Let c(r) = -r**2 - 9*r + 13. Suppose z = t + 38, 2*t - 26 = 5*z - 111. Let w = t + 26. What is the remainder when 88 is divided by c(w)?
10
Let l(g) = -36*g - 998. What is the remainder when l(-29) is divided by 33?
13
Suppose -i + 61 = 2*k, 20 = i - 5*k - 20. Suppose 2*n = 2, 0 = 2*f + f + 4*n - i. Calculate the remainder when 53 is divided by f.
2
Suppose -32*w = -20*w + 420. Suppose -2*v - 3*v - 910 = 0. Let q = w - v. What is the remainder when q is divided by 50?
47
Let l = -27520 - -28395. Calculate the remainder when l is divided by 40.
35
Let f(y) = 24*y + 17. Let h be f(-6). Let p = h + 199. What is the remainder when p is divided by 20?
12
Let b(g) = -8*g**3 - 5*g**2 - 5 + 3*g - 15*g**2 - 7*g**3 + 17*g**3. Calculate the remainder when 25 is divided by b(10).
0
Let d be (8/10*65/(-26))/(-2). Let i be 39 - ((-1)/2)/(d/(-2)). Suppose -n + i = 4*g, 2*g = -0 - 8. What is the remainder when n is divided by 8?
6
Let i(k) = -k. Let w be i(0). Suppose -2*j - 4*x - 56 = w, -4*x + 0*x = -j - 10. Let b = 17 - j. Calculate the remainder when b is divided by 28.
11
Let r(x) = 35 + 9*x**2 + 2*x**2 - 7*x**2 - 5*x**2 + 14*x. Let a be r(16). Suppose 0 = -a*o + 39 + 117. Calculate the remainder when o is divided by 6.
4
Suppose -2*a + 2*m - 11 = -5*a, a - 7 = m. Suppose -2*x + 160 = 5*q + 20, a*x = 0. Let r = -7 + 12. What is the remainder when q is divided by r?
3
Let l = -56 + 98. Suppose 6*g - 57 = g - b, -4*g + b = -l. What is the remainder when 40 is divided by g?
7
What is the remainder when 471 is divided by 30/(-495)*11 - (-197)/3?
16
Calculate the remainder when ((-48)/(-4))/((-4)/(-118))*(-24 + 25) is divided by 5.
4
Let g(q) = 2*q**2 + 28*q - 447. What is the remainder when g(-85) is divided by 18?
13
Suppose x - 21 = -4*s, 0 = -3*s + 3*x + x + 30. Suppose s*j + 0 = 42. What is the remainder when 22 is divided by j?
1
Calculate the remainder when (-824432)/(-1299)*(-3)/(-2) is divided by 35.
7
Suppose 0 = 3*x - 2*i + 19, 3*x + 5*i + 6 - 1 = 0. Let w(v) = v**2 + v - 3. What is the remainder when w(x) is divided by (2/6)/(24/3240*5)?
8
Let o = -133801 + 133806. Let x = 7 - 5. What is the remainder when o is divided by x?
1
What is the remainder when 30417 is divided by 39 - 117*2/9?
10
Suppose 3 = n, -4*g - 43*n + 45*n = -374. What is the remainder when g is divided by 39?
17
Suppose -2*h + 4*u - 9*u = -132, 2*h - 2*u = 146. What is the remainder when 195 is divided by h?
53
Let g be (-1046)/(-8) - ((-15)/(-12))/(-5). Let h = g + -119. Suppose 3*a - 2*j - h = -1, -3*j = -15. What is the remainder when 46 is divided by a?
4
Suppose -3*m = -7*m + 28. Suppose 1765*k - 1782*k + 34 = 0. What is the remainder when m is divided by k?
1
Suppose 0 = -0*l + 5*l - 55. Let u = -57640 - -58144. What is the remainder when u is divided by l?
9
Let q = 116 + -108. Let m be 1 - 7/q - (-11)/(-88). Suppose 5*k - 101 - 64 = m. What is the remainder when k is divided by 10?
3
Let l(z) = -3*z**3 - 51*z**2 + 27*z + 474. Let v(f) = -2*f**3 - 4*f**2 + 4*f + 4. What is the remainder when v(-5) is divided by l(-17)?
14
Let o(c) = -22*c - 98. Let q be o(-3). Let b(w) = -2*w + 1. Calculate the remainder when 0 + -5 - (q + (-1 - 2)) is divided by b(-4).
3
Suppose -479 = -3*x + 1298 - 235. Calculate the remainder when x is divided by 115.
54
Suppose 292*h - 324*h + 928 = 0. What is the remainder when 1855 is divided by h?
28
Let n(w) = 544*w - 344. What is the remainder when n(11) is divided by 91?
89
Calculate the remainder when 2309 is divided by 24/10*560/1176*7.
5
What is the remainder when -8*(-13 - -5 - 88) is divided b